 -152321045 (base 6) to base 13.
-87cc86
What is 1ac06 (base 16) in base 10?
109574
What is 110111010110001000 (base 2) in base 16?
37588
4003413102 (base 5) to base 15
a57aa2
3154dc (base 16) to base 8
14252334
Convert 22141031 (base 5) to base 13.
69c78
What is 4baa96 (base 12) in base 16?
12f492
Convert 1b606b (base 13) to base 3.
1022111111002
Convert 69084 (base 15) to base 12.
141521
What is db3b6 (base 14) in base 6?
15211140
-248d5 (base 15) to base 9
-187132
-110301002 (base 4) to base 7
-502661
-232ca (base 14) to base 13
-2cc93
What is 179cd (base 15) in base 4?
102222310
-1110101000011111100 (base 2) to base 7
-4034625
What is -122222311113 (base 4) in base 10?
-6991191
What is -112002111112111 (base 3) in base 7?
-120442003
Convert -22134132 (base 5) to base 8.
-571022
What is 1170088 (base 9) in base 14?
127d61
What is -310334333 (base 5) in base 6?
-43013511
Convert -351031 (base 8) to base 4.
-131020121
What is -2b5cc1 (base 16) in base 11?
-1671099
What is -11011120010 (base 3) in base 11?
-56717
-10012101011 (base 3) to base 14
-18d3a
Convert 109dc (base 14) to base 10.
40374
204341 (base 8) to base 10
67809
449a2 (base 13) to base 5
12442220
What is -150502210 (base 6) in base 2?
-1011111001011001011110
What is 45142124 (base 7) in base 11?
2230365
What is 69232 (base 10) in base 4?
100321300
2c691c (base 13) to base 10
1100046
Convert -27176763 (base 8) to base 2.
-10111001111110111110011
Convert -331522 (base 6) to base 5.
-1341001
-154152322 (base 6) to base 9
-6150275
What is -54637663 (base 8) in base 13?
-2583c49
3199a9 (base 12) to base 3
1110211201210
What is 87726d (base 14) in base 5?
2133404301
What is -746551 (base 9) in base 14?
-b7d5a
Convert -29127 (base 12) to base 14.
-16bb9
What is 526200 (base 7) in base 14?
25237
Convert -477045 (base 9) to base 6.
-10053535
Convert -3771b (base 12) to base 15.
-174c5
What is -12108660 (base 9) in base 2?
-10110100011001011101000
What is 5a61 (base 14) in base 16?
3d95
Convert 5427528 (base 10) to base 7.
64063461
21cbb1 (base 15) to base 11
a01564
100111001011111011110010 (base 2) to base 15
d7da83
Convert -11024332 (base 5) to base 7.
-545460
What is 15276342 (base 9) in base 12?
266b332
What is c0dda (base 15) in base 16?
95146
What is -4a2c9 (base 13) in base 10?
-136717
12b637 (base 13) to base 15
8e62c
Convert -1345266 (base 7) to base 13.
-63945
What is 12c971 (base 16) in base 7?
13315361
What is -1015340 (base 7) in base 8?
-356124
Convert 219616 (base 14) to base 15.
177b71
Convert -293522 (base 11) to base 10.
-458493
61401 (base 12) to base 16
1ef01
-2339c (base 15) to base 8
-333105
-111000110010111110010 (base 2) to base 6
-103520122
Convert -342033151 (base 6) to base 11.
-3593674
What is -10132331434 (base 5) in base 15?
-db157e
What is -1011000010100110101101 (base 2) in base 15?
-3c2853
-1314525 (base 7) to base 8
-520113
What is -10420010 (base 5) in base 7?
-531605
243224101 (base 5) to base 16
1186eb
Convert -266776 (base 8) to base 14.
-26206
Convert 110010110100001000111 (base 2) to base 7.
20103335
-1356ab (base 14) to base 10
-668119
Convert -1011001000110001101001 (base 2) to base 4.
-23020301221
-22211312011 (base 4) to base 16
-2a5d85
What is 39394 (base 14) in base 9?
233851
Convert -b3f20 (base 16) to base 2.
-10110011111100100000
-11000122102 (base 3) to base 13
-2a086
What is 1c53a6 (base 16) in base 13?
4ccc99
Convert -100254 (base 7) to base 12.
-9980
Convert 520237 (base 8) to base 11.
108408
151062 (base 14) to base 5
141421414
-8c53f (base 16) to base 3
-1002012110021
What is -8532630 (base 10) in base 9?
-17044510
What is -20201111 (base 4) in base 7?
-203516
1101110100001110011 (base 2) to base 9
760015
What is 209464 (base 10) in base 6?
4253424
What is -31330112231 (base 4) in base 10?
-3655085
What is 138b43 (base 13) in base 10?
476466
Convert 330430 (base 10) to base 3.
121210021011
Convert 20132320120 (base 4) to base 16.
21ee18
What is 168859 (base 10) in base 9?
276561
Convert -2cba61 (base 14) to base 6.
-53343141
Convert -3400302 (base 5) to base 8.
-164074
What is 143411350 (base 6) in base 12?
bb3b56
Convert -11222011212 (base 3) to base 13.
-356a5
Convert 1002313212 (base 4) to base 6.
5512010
3375137 (base 8) to base 9
1645537
What is -45a852 (base 11) in base 9?
-1334678
Convert 27524 (base 10) to base 2.
110101110000100
Convert c15079 (base 13) to base 3.
22110101012111
Convert -24233436 (base 7) to base 10.
-2159751
What is 279716 (base 10) in base 13?
9a418
Convert 23474116 (base 9) to base 12.
39bb5b0
-54616001 (base 8) to base 9
-24070587
What is -217257 (base 9) in base 2?
-11111101110111000
Convert -3a0a2 (base 12) to base 8.
-233372
Convert -52579 (base 10) to base 15.
-108a4
Convert -37c0d (base 15) to base 6.
-3453021
What is 110202012232 (base 4) in base 5?
2334220244
What is -1211222000010 (base 3) in base 12?
-3b5140
Convert 1013155 (base 6) to base 2.
1011111000011111
What is -213108 (base 9) in base 13?
-45a13
-141454021 (base 6) to base 2
-1011000000001101111101
1391c2 (base 14) to base 2
10100101100011110110
What is 100230323213 (base 4) in base 11?
2520572
-33350026 (base 7) to base 5
-1214323042
2db0a5 (base 15) to base 5
1031323110
What is a81340 (base 11) in base 5?
420320001
Convert -101821 (base 10) to base 2.
-11000110110111101
What is -167360 (base 8) in base 14?
-18412
592ac (base 13) to base 4
213303302
What is -23410442 (base 5) in base 6?
-4345420
-291068 (base 12) to base 9
-1255128
265906 (base 10) to base 8
1007262
2000011202221 (base 3) to base 11
6691a1
What is 1012214131 (base 5) in base 2?
111111001010110011100
Convert 110001110111111100001101 (base 2) to base 8.
61677415
Convert 10220201122 (base 3) to base 14.
20135
-100110110100101111011 (base 2) to base 11
-7998a4
Convert 8b587 (base 14) to base 16.
52ab3
What is 12233342 (base 5) in base 7?
1000641
What is 115021033 (base 6) in base 8?
10300315
What is -132325415 (base 6) in base 4?
-22010200103
Convert -41053352 (base 6) to base 4.
-10132202210
Convert 1022111002220 (base 3) to base 2.
10101010100001011100
12656b (base 12) to base 14
7bc1d
4040111233 (base 5) to base 14
111862b
Convert 204230 (base 10) to base 15.
407a5
-a23bc2 (base 14) to base 15
-72e6a5
What is -158906 (base 14) in base 9?
-1367702
Convert bddc6b (base 15) to base 3.
122001012010202
What is -1267721 (base 8) in base 15?
-7088a
Convert 153115412 (base 6) to base 8.
14243600
What is -328176 (base 9) in base 10?
-196251
What is 21321012201 (base 4) in base 12?
a50829
-158612 (base 11) to base 13
-87a68
Convert 108553 (base 10) to base 16.
1a809
Convert -497b0 (base 13) to base 11.
-9275a
145346510 (base 7) to base 9
20238002
176b7 (base 15) to base 2
10010011111111100
Convert -1001110110101100000001 (base 2) to base 12.
-a46b69
Convert 36221 (base 10) to base 9.
54615
Convert 826154 (base 9) to base 2.
1110111101000100010
What is 873437 (base 11) in base 2?
101010100101011010100
Convert -1911675 (base 10) to base 3.
-10121010022210
-5b28 (base 16) to base 8
-55450
Convert -424031 (base 6) to base 8.
-103423
-212eae (base 16) to base 15
-2ce50d
1402355 (base 7) to base 13
66716
Convert 5db799 (base 15) to base 13.
c145a4
Convert -71641 (base 11) to base 2.
-11001100010001101
What is -6353150 (base 7) in base 2?
-10111011110110011001
-10010100110110101001 (base 2) to base 6
-21022413
155001 (base 9) to base 12
47324
What is -25b352 (base 14) in base 2?
-100111101000010001100
-233220310 (base 4) to base 8
-575064
-2230642 (base 8) to base 9
-1117457
What is -1d4d7 (base 16) in base 3?
-20002122022
What is -534504 (base 7) in base 13?
-33360
What is -462a4 (base 12) in base 13?
-33877
Convert 726171 (base 12) to base 5.
424401033
-1105630 (base 8) to base 12
-124474
Convert 11001011000010110110 (base 2) to base 9.
1506747
Convert -a12951 (base 12) to base 10.
-2513869
What is -253261 (base 10) in base 9?
-425361
Convert -2202210102 (base 3) to base 5.
-3221044
What is -5300546 (base 9) in base 5?
-1211203144
-9a174 (base 11) to base 15
-2d0a6
Convert cd4dd (base 16) to base 13.
2359b7
30301331320 (base 4) to base 8
14617570
-231dd01 (base 14) to base 6
-1354554301
Convert -1212215 (base 6) to base 10.
-64019
Convert 1101100010011100 (base 2) to base 6.
1104420